{"id":499,"date":"2024-11-02T08:23:42","date_gmt":"2024-11-02T01:23:42","guid":{"rendered":"https:\/\/hoga.org.vn\/?page_id=499"},"modified":"2025-12-21T16:40:56","modified_gmt":"2025-12-21T09:40:56","slug":"499-2","status":"publish","type":"page","link":"https:\/\/hoga.org.vn\/","title":{"rendered":""},"content":{"rendered":"\n<figure class=\"wp-block-image alignwide size-large\"><img loading=\"lazy\" decoding=\"async\" width=\"1024\" height=\"236\" src=\"https:\/\/hoga.org.vn\/wp-content\/uploads\/2025\/02\/456484456_941999507968732_323486985145068378_n-e1766309553542-1024x236.jpg\" alt=\"\" class=\"wp-image-527\" srcset=\"https:\/\/hoga.org.vn\/wp-content\/uploads\/2025\/02\/456484456_941999507968732_323486985145068378_n-e1766309553542-1024x236.jpg 1024w, https:\/\/hoga.org.vn\/wp-content\/uploads\/2025\/02\/456484456_941999507968732_323486985145068378_n-e1766309553542-300x69.jpg 300w, https:\/\/hoga.org.vn\/wp-content\/uploads\/2025\/02\/456484456_941999507968732_323486985145068378_n-e1766309553542-768x177.jpg 768w, https:\/\/hoga.org.vn\/wp-content\/uploads\/2025\/02\/456484456_941999507968732_323486985145068378_n-e1766309553542-1536x353.jpg 1536w, https:\/\/hoga.org.vn\/wp-content\/uploads\/2025\/02\/456484456_941999507968732_323486985145068378_n-e1766309553542.jpg 1900w\" sizes=\"auto, (max-width: 1024px) 100vw, 1024px\" \/><\/figure>\n\n\n\n<hr class=\"wp-block-separator has-alpha-channel-opacity\"\/>\n\n\n\n<h2 class=\"wp-block-heading has-text-align-center\"><strong>C\u1eacP NH\u1eacT TH\u00d4NG TIN<\/strong><\/h2>\n\n\n\n<div class=\"wp-block-columns has-background is-layout-flex wp-container-core-columns-is-layout-9d6595d7 wp-block-columns-is-layout-flex\" style=\"background-color:#e9f4ff\">\n<div class=\"wp-block-column is-layout-flow wp-block-column-is-layout-flow\"><div class=\"wp-block-image\">\n<figure class=\"aligncenter size-full is-resized\"><img loading=\"lazy\" decoding=\"async\" width=\"603\" height=\"499\" src=\"https:\/\/hoga.org.vn\/wp-content\/uploads\/image-1.png\" alt=\"\" class=\"wp-image-639\" style=\"aspect-ratio:1.2084501776032903;object-fit:cover;width:auto;height:450px\" srcset=\"https:\/\/hoga.org.vn\/wp-content\/uploads\/image-1.png 603w, https:\/\/hoga.org.vn\/wp-content\/uploads\/image-1-300x248.png 300w\" sizes=\"auto, (max-width: 603px) 100vw, 603px\" \/><\/figure>\n<\/div>\n\n\n<p><\/p>\n\n\n\n<div class=\"wp-block-buttons is-content-justification-center is-layout-flex wp-container-core-buttons-is-layout-16018d1d wp-block-buttons-is-layout-flex\">\n<div class=\"wp-block-button is-style-outline is-style-outline--1\"><a class=\"wp-block-button__link has-pale-cyan-blue-background-color has-background wp-element-button\" href=\"https:\/\/hoga.org.vn\/?p=652\">Xem th\u00eam th\u00f4ng tin<\/a><\/div>\n<\/div>\n<\/div>\n\n\n\n<div class=\"wp-block-column is-layout-flow wp-block-column-is-layout-flow\"><div class=\"wp-block-image\">\n<figure class=\"aligncenter size-full is-resized\"><img loading=\"lazy\" decoding=\"async\" width=\"724\" height=\"647\" src=\"https:\/\/hoga.org.vn\/wp-content\/uploads\/image-2.png\" alt=\"\" class=\"wp-image-640\" style=\"width:auto;height:450px\" srcset=\"https:\/\/hoga.org.vn\/wp-content\/uploads\/image-2.png 724w, https:\/\/hoga.org.vn\/wp-content\/uploads\/image-2-300x268.png 300w\" sizes=\"auto, (max-width: 724px) 100vw, 724px\" \/><\/figure>\n<\/div>\n\n\n<p><\/p>\n\n\n\n<div class=\"wp-block-buttons is-content-justification-center is-layout-flex wp-container-core-buttons-is-layout-16018d1d wp-block-buttons-is-layout-flex\">\n<div class=\"wp-block-button is-style-outline is-style-outline--2\"><a class=\"wp-block-button__link has-pale-cyan-blue-background-color has-background wp-element-button\" href=\"https:\/\/hoga.org.vn\/?p=660\">Xem th\u00eam th\u00f4ng tin<\/a><\/div>\n<\/div>\n<\/div>\n<\/div>\n\n\n\n<hr class=\"wp-block-separator aligncenter has-alpha-channel-opacity\"\/>\n\n\n\n<h2 class=\"wp-block-heading has-text-align-center\"><strong>H\u1ed9i th\u1ea3o khoa h\u1ecdc<\/strong><\/h2>\n\n\n\n\t\t\t<div class=\"wp-block-uagb-post-carousel uagb-post-grid  uagb-post__image-position-top uagb-post__image-enabled uagb-block-d4b7afbd     uagb-post__arrow-outside uagb-slick-carousel uagb-post__items uagb-post__columns-3 is-carousel uagb-post__columns-tablet-2 uagb-post__columns-mobile-1 uagb-post__carousel_equal-height\" data-total=\"6\" style=\"\">\n\n\t\t\t\t\t\t\t\t\t\t\t\t<article class=\"uagb-post__inner-wrap\">\t\t\t\t\t\t\t\t<div class='uagb-post__image'>\n\t\t\t\t\t\t\t\t\t<a href=\"https:\/\/hoga.org.vn\/?p=621\" target=\"_blank\" rel=\"bookmark noopener noreferrer\"><img loading=\"lazy\" decoding=\"async\" width=\"300\" height=\"245\" src=\"https:\/\/hoga.org.vn\/wp-content\/uploads\/2025\/11\/HHYH-H2-Poster_001-1-e1763385650959-300x245.jpg\" class=\"attachment-medium size-medium\" alt=\"\" srcset=\"https:\/\/hoga.org.vn\/wp-content\/uploads\/2025\/11\/HHYH-H2-Poster_001-1-e1763385650959-300x245.jpg 300w, https:\/\/hoga.org.vn\/wp-content\/uploads\/2025\/11\/HHYH-H2-Poster_001-1-e1763385650959-1024x838.jpg 1024w, https:\/\/hoga.org.vn\/wp-content\/uploads\/2025\/11\/HHYH-H2-Poster_001-1-e1763385650959-768x628.jpg 768w, https:\/\/hoga.org.vn\/wp-content\/uploads\/2025\/11\/HHYH-H2-Poster_001-1-e1763385650959-1536x1257.jpg 1536w, https:\/\/hoga.org.vn\/wp-content\/uploads\/2025\/11\/HHYH-H2-Poster_001-1-e1763385650959.jpg 1750w\" sizes=\"auto, (max-width: 300px) 100vw, 300px\" \/>\t\t\t\t\t<\/a>\n\t\t\t\t\t\t\t\t\t<\/div>\n\t\t\t\t\t\t<h5 class=\"uagb-post__title uagb-post__text\">\n\t\t\t\t<a href=\"https:\/\/hoga.org.vn\/?p=621\" target=\"_blank\" rel=\"bookmark noopener noreferrer\">H\u1ed8I NGH\u1eca KHOA H\u1eccC \u201cXU H\u01af\u1edaNG M\u1edaI TRONG C\u1ea4P C\u1ee8U: T\u1eea HI\u1ec6N TR\u01af\u1edcNG \u0110\u1ebeN H\u1ed2I S\u1ee8C N\u00c2NG CAO\u201d 20.12.2025<\/a>\n\t\t\t<\/h5>\n\t\t\t\t\t\t<div class='uagb-post__text uagb-post-grid-byline'>\n\t\t\t\t\t\t\t<\/div>\n\t\t\t\t\t\t<div class=\"uagb-post__text uagb-post__cta wp-block-button\">\n\t\t\t\t<a class=\"wp-block-button__link uagb-text-link\" style=\"\" href=\"https:\/\/hoga.org.vn\/?p=621\" target=\"_blank\" rel=\"bookmark noopener noreferrer\">Xem chi ti\u1ebft<\/a>\n\t\t\t<\/div>\n\t\t\t\n\t\t\t\t\t\t\t\t\t<\/article>\n\t\t\t\t\t\t\t\t\t\t\t\t\t\t\t\t<article class=\"uagb-post__inner-wrap\">\t\t\t\t\t\t\t\t<div class='uagb-post__image'>\n\t\t\t\t\t\t\t\t\t<a href=\"https:\/\/hoga.org.vn\/?p=613\" target=\"_blank\" rel=\"bookmark noopener noreferrer\"><img loading=\"lazy\" decoding=\"async\" width=\"300\" height=\"300\" src=\"https:\/\/hoga.org.vn\/wp-content\/uploads\/2025\/11\/b-35GwXm6ftXQTPuHbiC3n9CkEmaa-300x300.jpg\" class=\"attachment-medium size-medium\" alt=\"\" srcset=\"https:\/\/hoga.org.vn\/wp-content\/uploads\/2025\/11\/b-35GwXm6ftXQTPuHbiC3n9CkEmaa-300x300.jpg 300w, https:\/\/hoga.org.vn\/wp-content\/uploads\/2025\/11\/b-35GwXm6ftXQTPuHbiC3n9CkEmaa-1024x1024.jpg 1024w, https:\/\/hoga.org.vn\/wp-content\/uploads\/2025\/11\/b-35GwXm6ftXQTPuHbiC3n9CkEmaa-150x150.jpg 150w, https:\/\/hoga.org.vn\/wp-content\/uploads\/2025\/11\/b-35GwXm6ftXQTPuHbiC3n9CkEmaa-768x768.jpg 768w, https:\/\/hoga.org.vn\/wp-content\/uploads\/2025\/11\/b-35GwXm6ftXQTPuHbiC3n9CkEmaa-1536x1536.jpg 1536w, https:\/\/hoga.org.vn\/wp-content\/uploads\/2025\/11\/b-35GwXm6ftXQTPuHbiC3n9CkEmaa-2048x2048.jpg 2048w\" sizes=\"auto, (max-width: 300px) 100vw, 300px\" \/>\t\t\t\t\t<\/a>\n\t\t\t\t\t\t\t\t\t<\/div>\n\t\t\t\t\t\t<h5 class=\"uagb-post__title uagb-post__text\">\n\t\t\t\t<a href=\"https:\/\/hoga.org.vn\/?p=613\" target=\"_blank\" rel=\"bookmark noopener noreferrer\">DI\u1ec4N \u0110\u00c0N KHOA H\u1eccC B\u1ec6NH VI\u1ec6N PH\u01af\u01a0NG NAM &#8211; NH\u1eeeNG TH\u00c1CH TH\u1ee8C TRONG B\u1ea2O V\u1ec6 KH\u1ea2 N\u0102NG SINH S\u1ea2N C\u1ee6A NG\u01af\u1edcI PH\u1ee4 N\u1eee<\/a>\n\t\t\t<\/h5>\n\t\t\t\t\t\t<div class='uagb-post__text uagb-post-grid-byline'>\n\t\t\t\t\t\t\t<\/div>\n\t\t\t\t\t\t<div class=\"uagb-post__text uagb-post__cta wp-block-button\">\n\t\t\t\t<a class=\"wp-block-button__link uagb-text-link\" style=\"\" href=\"https:\/\/hoga.org.vn\/?p=613\" target=\"_blank\" rel=\"bookmark noopener noreferrer\">Xem chi ti\u1ebft<\/a>\n\t\t\t<\/div>\n\t\t\t\n\t\t\t\t\t\t\t\t\t<\/article>\n\t\t\t\t\t\t\t\t\t\t\t\t\t\t\t\t<article class=\"uagb-post__inner-wrap\">\t\t\t\t\t\t\t\t<div class='uagb-post__image'>\n\t\t\t\t\t\t\t\t\t<a href=\"https:\/\/hoga.org.vn\/?p=577\" target=\"_blank\" rel=\"bookmark noopener noreferrer\"><img loading=\"lazy\" decoding=\"async\" width=\"300\" height=\"199\" src=\"https:\/\/hoga.org.vn\/wp-content\/uploads\/2025\/10\/Offline-E-card_Saforelle-Symposium_19.10-1-scaled-e1760061026717-300x199.png\" class=\"attachment-medium size-medium\" alt=\"\" srcset=\"https:\/\/hoga.org.vn\/wp-content\/uploads\/2025\/10\/Offline-E-card_Saforelle-Symposium_19.10-1-scaled-e1760061026717-300x199.png 300w, https:\/\/hoga.org.vn\/wp-content\/uploads\/2025\/10\/Offline-E-card_Saforelle-Symposium_19.10-1-scaled-e1760061026717-1024x679.png 1024w, https:\/\/hoga.org.vn\/wp-content\/uploads\/2025\/10\/Offline-E-card_Saforelle-Symposium_19.10-1-scaled-e1760061026717-768x510.png 768w, https:\/\/hoga.org.vn\/wp-content\/uploads\/2025\/10\/Offline-E-card_Saforelle-Symposium_19.10-1-scaled-e1760061026717.png 1260w\" sizes=\"auto, (max-width: 300px) 100vw, 300px\" \/>\t\t\t\t\t<\/a>\n\t\t\t\t\t\t\t\t\t<\/div>\n\t\t\t\t\t\t<h5 class=\"uagb-post__title uagb-post__text\">\n\t\t\t\t<a href=\"https:\/\/hoga.org.vn\/?p=577\" target=\"_blank\" rel=\"bookmark noopener noreferrer\">H\u1ed8I NGH\u1eca CHUY\u00caN \u0110\u1ec0: M\u1ed0I LI\u00caN H\u1ec6 GI\u1eeeA H\u1ec6 VI SINH V\u1eacT \u00c2M \u0110\u1ea0O V\u00c0 S\u1ee8C KH\u1eceE SINH S\u1ea2N C\u1ee6A PH\u1ee4 N\u1eee<\/a>\n\t\t\t<\/h5>\n\t\t\t\t\t\t<div class='uagb-post__text uagb-post-grid-byline'>\n\t\t\t\t\t\t\t<\/div>\n\t\t\t\t\t\t<div class=\"uagb-post__text uagb-post__cta wp-block-button\">\n\t\t\t\t<a class=\"wp-block-button__link uagb-text-link\" style=\"\" href=\"https:\/\/hoga.org.vn\/?p=577\" target=\"_blank\" rel=\"bookmark noopener noreferrer\">Xem chi ti\u1ebft<\/a>\n\t\t\t<\/div>\n\t\t\t\n\t\t\t\t\t\t\t\t\t<\/article>\n\t\t\t\t\t\t\t\t\t\t\t\t\t\t\t\t<article class=\"uagb-post__inner-wrap\">\t\t\t\t\t\t\t\t<div class='uagb-post__image'>\n\t\t\t\t\t\t\t\t\t<a href=\"https:\/\/hoga.org.vn\/?p=592\" target=\"_blank\" rel=\"bookmark noopener noreferrer\"><img loading=\"lazy\" decoding=\"async\" width=\"300\" height=\"202\" src=\"https:\/\/hoga.org.vn\/wp-content\/uploads\/2025\/10\/2025.11.10-Thu-moi-scaled-e1760064009242-300x202.png\" class=\"attachment-medium size-medium\" alt=\"\" srcset=\"https:\/\/hoga.org.vn\/wp-content\/uploads\/2025\/10\/2025.11.10-Thu-moi-scaled-e1760064009242-300x202.png 300w, https:\/\/hoga.org.vn\/wp-content\/uploads\/2025\/10\/2025.11.10-Thu-moi-scaled-e1760064009242-1024x690.png 1024w, https:\/\/hoga.org.vn\/wp-content\/uploads\/2025\/10\/2025.11.10-Thu-moi-scaled-e1760064009242-768x518.png 768w, https:\/\/hoga.org.vn\/wp-content\/uploads\/2025\/10\/2025.11.10-Thu-moi-scaled-e1760064009242-1536x1035.png 1536w, https:\/\/hoga.org.vn\/wp-content\/uploads\/2025\/10\/2025.11.10-Thu-moi-scaled-e1760064009242.png 1810w\" sizes=\"auto, (max-width: 300px) 100vw, 300px\" \/>\t\t\t\t\t<\/a>\n\t\t\t\t\t\t\t\t\t<\/div>\n\t\t\t\t\t\t<h5 class=\"uagb-post__title uagb-post__text\">\n\t\t\t\t<a href=\"https:\/\/hoga.org.vn\/?p=592\" target=\"_blank\" rel=\"bookmark noopener noreferrer\">H\u1ed9i th\u1ea3o khoa h\u1ecdc VAI TR\u00d2 THU\u1ed0C N\u1ed8I TI\u1ebeT TRONG B\u1ec6NH L\u00dd L\u1ea0C N\u1ed8I M\u1ea0C T\u1eec CUNG<\/a>\n\t\t\t<\/h5>\n\t\t\t\t\t\t<div class='uagb-post__text uagb-post-grid-byline'>\n\t\t\t\t\t\t\t<\/div>\n\t\t\t\t\t\t<div class=\"uagb-post__text uagb-post__cta wp-block-button\">\n\t\t\t\t<a class=\"wp-block-button__link uagb-text-link\" style=\"\" href=\"https:\/\/hoga.org.vn\/?p=592\" target=\"_blank\" rel=\"bookmark noopener noreferrer\">Xem chi ti\u1ebft<\/a>\n\t\t\t<\/div>\n\t\t\t\n\t\t\t\t\t\t\t\t\t<\/article>\n\t\t\t\t\t\t\t\t\t\t\t<\/div>\n\t\t\t\n\n\n<h2 class=\"wp-block-heading has-text-align-center\"><strong>Ch\u01b0\u01a1ng tr\u00ecnh \u0110\u00e0o t\u1ea1o<\/strong><\/h2>\n\n\n\n\t\t\t<div class=\"wp-block-uagb-post-carousel uagb-post-grid  uagb-post__image-position-top uagb-post__image-enabled uagb-block-dcf29e23     uagb-post__arrow-outside uagb-post__items uagb-post__columns-3 is-carousel uagb-post__columns-tablet-2 uagb-post__columns-mobile-1 uagb-post__carousel_equal-height\" data-total=\"1\" style=\"\">\n\n\t\t\t\t\t\t\t\t\t\t\t\t<article class=\"uagb-post__inner-wrap\">\t\t\t\t\t\t\t\t<div class='uagb-post__image'>\n\t\t\t\t\t\t\t\t\t<a href=\"https:\/\/hoga.org.vn\/?p=483\" target=\"_blank\" rel=\"bookmark noopener noreferrer\"><img loading=\"lazy\" decoding=\"async\" width=\"214\" height=\"300\" src=\"https:\/\/hoga.org.vn\/wp-content\/uploads\/2024\/09\/402774df222d8473dd3c-214x300.jpg\" class=\"attachment-medium size-medium\" alt=\"\" srcset=\"https:\/\/hoga.org.vn\/wp-content\/uploads\/2024\/09\/402774df222d8473dd3c-214x300.jpg 214w, https:\/\/hoga.org.vn\/wp-content\/uploads\/2024\/09\/402774df222d8473dd3c-732x1024.jpg 732w, https:\/\/hoga.org.vn\/wp-content\/uploads\/2024\/09\/402774df222d8473dd3c-768x1075.jpg 768w, https:\/\/hoga.org.vn\/wp-content\/uploads\/2024\/09\/402774df222d8473dd3c-1097x1536.jpg 1097w, https:\/\/hoga.org.vn\/wp-content\/uploads\/2024\/09\/402774df222d8473dd3c-1463x2048.jpg 1463w, https:\/\/hoga.org.vn\/wp-content\/uploads\/2024\/09\/402774df222d8473dd3c.jpg 1829w\" sizes=\"auto, (max-width: 214px) 100vw, 214px\" \/>\t\t\t\t\t<\/a>\n\t\t\t\t\t\t\t\t\t<\/div>\n\t\t\t\t\t\t<h5 class=\"uagb-post__title uagb-post__text\">\n\t\t\t\t<a href=\"https:\/\/hoga.org.vn\/?p=483\" target=\"_blank\" rel=\"bookmark noopener noreferrer\">Ch\u01b0\u01a1ng tr\u00ecnh \u0111\u00e0o t\u1ea1o \u1ee8ng d\u1ee5ng ChatGPT trong y khoa<\/a>\n\t\t\t<\/h5>\n\t\t\t\t\t\t<div class='uagb-post__text uagb-post-grid-byline'>\n\t\t\t\t\t\t\t<\/div>\n\t\t\t\t\t\t<div class=\"uagb-post__text uagb-post__cta wp-block-button\">\n\t\t\t\t<a class=\"wp-block-button__link uagb-text-link\" style=\"\" href=\"https:\/\/hoga.org.vn\/?p=483\" target=\"_blank\" rel=\"bookmark noopener noreferrer\">Xem chi ti\u1ebft<\/a>\n\t\t\t<\/div>\n\t\t\t\n\t\t\t\t\t\t\t\t\t<\/article>\n\t\t\t\t\t\t\t\t\t\t\t\t\t\t\t\t<article class=\"uagb-post__inner-wrap\">\t\t\t\t\t\t\t\t<div class='uagb-post__image'>\n\t\t\t\t\t\t\t\t\t<a href=\"https:\/\/hoga.org.vn\/?p=370\" target=\"_blank\" rel=\"bookmark noopener noreferrer\"><img loading=\"lazy\" decoding=\"async\" width=\"300\" height=\"249\" src=\"https:\/\/hoga.org.vn\/wp-content\/uploads\/2023\/07\/Tong-quan-chuong-trinh-e1723609132465-300x249.png\" class=\"attachment-medium size-medium\" alt=\"\" srcset=\"https:\/\/hoga.org.vn\/wp-content\/uploads\/2023\/07\/Tong-quan-chuong-trinh-e1723609132465-300x249.png 300w, https:\/\/hoga.org.vn\/wp-content\/uploads\/2023\/07\/Tong-quan-chuong-trinh-e1723609132465-1024x851.png 1024w, https:\/\/hoga.org.vn\/wp-content\/uploads\/2023\/07\/Tong-quan-chuong-trinh-e1723609132465-768x638.png 768w, https:\/\/hoga.org.vn\/wp-content\/uploads\/2023\/07\/Tong-quan-chuong-trinh-e1723609132465.png 1191w\" sizes=\"auto, (max-width: 300px) 100vw, 300px\" \/>\t\t\t\t\t<\/a>\n\t\t\t\t\t\t\t\t\t<\/div>\n\t\t\t\t\t\t<h5 class=\"uagb-post__title uagb-post__text\">\n\t\t\t\t<a href=\"https:\/\/hoga.org.vn\/?p=370\" target=\"_blank\" rel=\"bookmark noopener noreferrer\">Y H\u1ecdc Ch\u1ee9ng C\u1ee9 v\u00e0 Ung Th\u01b0 Bu\u1ed3ng Tr\u1ee9ng\u00a0<\/a>\n\t\t\t<\/h5>\n\t\t\t\t\t\t<div class='uagb-post__text uagb-post-grid-byline'>\n\t\t\t\t\t\t\t<\/div>\n\t\t\t\t\t\t<div class=\"uagb-post__text uagb-post__cta wp-block-button\">\n\t\t\t\t<a class=\"wp-block-button__link uagb-text-link\" style=\"\" href=\"https:\/\/hoga.org.vn\/?p=370\" target=\"_blank\" rel=\"bookmark noopener noreferrer\">Xem chi ti\u1ebft<\/a>\n\t\t\t<\/div>\n\t\t\t\n\t\t\t\t\t\t\t\t\t<\/article>\n\t\t\t\t\t\t\t\t\t\t\t\t\t\t\t\t<article class=\"uagb-post__inner-wrap\">\t\t\t\t\t\t\t\t<div class='uagb-post__image'>\n\t\t\t\t\t\t\t\t\t<a href=\"https:\/\/hoga.org.vn\/?p=358\" target=\"_blank\" rel=\"bookmark noopener noreferrer\"><img loading=\"lazy\" decoding=\"async\" width=\"300\" height=\"193\" src=\"https:\/\/hoga.org.vn\/wp-content\/uploads\/2023\/07\/1-300x193.png\" class=\"attachment-medium size-medium\" alt=\"\" srcset=\"https:\/\/hoga.org.vn\/wp-content\/uploads\/2023\/07\/1-300x193.png 300w, https:\/\/hoga.org.vn\/wp-content\/uploads\/2023\/07\/1-768x494.png 768w, https:\/\/hoga.org.vn\/wp-content\/uploads\/2023\/07\/1.png 790w\" sizes=\"auto, (max-width: 300px) 100vw, 300px\" \/>\t\t\t\t\t<\/a>\n\t\t\t\t\t\t\t\t\t<\/div>\n\t\t\t\t\t\t<h5 class=\"uagb-post__title uagb-post__text\">\n\t\t\t\t<a href=\"https:\/\/hoga.org.vn\/?p=358\" target=\"_blank\" rel=\"bookmark noopener noreferrer\">Chu\u1ed7i ch\u01b0\u01a1ng tr\u00ecnh \u0110\u00e0o t\u1ea1o y khoa li\u00ean t\u1ee5c tr\u00ean n\u1ec1n t\u1ea3ng h\u1ecdc thu\u1eadt tr\u1ef1c tuy\u1ebfn v\u1ec1 ung th\u01b0<\/a>\n\t\t\t<\/h5>\n\t\t\t\t\t\t<div class='uagb-post__text uagb-post-grid-byline'>\n\t\t\t\t\t\t\t<\/div>\n\t\t\t\t\t\t<div class=\"uagb-post__text uagb-post__cta wp-block-button\">\n\t\t\t\t<a class=\"wp-block-button__link uagb-text-link\" style=\"\" href=\"https:\/\/hoga.org.vn\/?p=358\" target=\"_blank\" rel=\"bookmark noopener noreferrer\">Xem chi ti\u1ebft<\/a>\n\t\t\t<\/div>\n\t\t\t\n\t\t\t\t\t\t\t\t\t<\/article>\n\t\t\t\t\t\t\t\t\t\t\t<\/div>\n\t\t\t\n\n\n<h2 class=\"wp-block-heading has-text-align-center\"><strong>T\u1ea1p ch\u00ed Th\u1eddi s\u1ef1 y h\u1ecdc<\/strong><\/h2>\n\n\n\n<div class=\"wp-block-uagb-image aligncenter uagb-block-11956f92 wp-block-uagb-image--layout-default wp-block-uagb-image--effect-static wp-block-uagb-image--align-center\"><figure class=\"wp-block-uagb-image__figure\"><img decoding=\"async\" srcset=\"https:\/\/hoga.org.vn\/wp-content\/uploads\/2022\/01\/cover_banner_web_tapchi-1024x388.png \" sizes=\"auto, (max-width: 480px) 150px\" src=\"https:\/\/hoga.org.vn\/wp-content\/uploads\/2022\/01\/cover_banner_web_tapchi-1024x388.png\" alt=\"\" class=\"uag-image-49\" width=\"1024\" height=\"388\" title=\"\" loading=\"lazy\" role=\"img\"\/><\/figure><\/div>\n\n\n\n<p><\/p>\n\n\n\n<p><\/p>\n","protected":false},"excerpt":{"rendered":"<p>C\u1eacP NH\u1eacT TH\u00d4NG TIN H\u1ed9i th\u1ea3o khoa h\u1ecdc Ch\u01b0\u01a1ng tr\u00ecnh \u0110\u00e0o t\u1ea1o T\u1ea1p ch\u00ed Th\u1eddi s\u1ef1 y h\u1ecdc<\/p>\n","protected":false},"author":2,"featured_media":0,"parent":0,"menu_order":0,"comment_status":"closed","ping_status":"closed","template":"","meta":{"_uag_custom_page_level_css":"","footnotes":""},"class_list":["post-499","page","type-page","status-publish","hentry"],"uagb_featured_image_src":{"full":false,"thumbnail":false,"medium":false,"medium_large":false,"large":false,"1536x1536":false,"2048x2048":false},"uagb_author_info":{"display_name":"Bi\u00ean t\u1eadp","author_link":"https:\/\/hoga.org.vn\/?author=2"},"uagb_comment_info":0,"uagb_excerpt":"C\u1eacP NH\u1eacT TH\u00d4NG TIN H\u1ed9i th\u1ea3o khoa h\u1ecdc Ch\u01b0\u01a1ng tr\u00ecnh \u0110\u00e0o t\u1ea1o T\u1ea1p ch\u00ed Th\u1eddi s\u1ef1 y h\u1ecdc","_links":{"self":[{"href":"https:\/\/hoga.org.vn\/index.php?rest_route=\/wp\/v2\/pages\/499","targetHints":{"allow":["GET"]}}],"collection":[{"href":"https:\/\/hoga.org.vn\/index.php?rest_route=\/wp\/v2\/pages"}],"about":[{"href":"https:\/\/hoga.org.vn\/index.php?rest_route=\/wp\/v2\/types\/page"}],"author":[{"embeddable":true,"href":"https:\/\/hoga.org.vn\/index.php?rest_route=\/wp\/v2\/users\/2"}],"replies":[{"embeddable":true,"href":"https:\/\/hoga.org.vn\/index.php?rest_route=%2Fwp%2Fv2%2Fcomments&post=499"}],"version-history":[{"count":41,"href":"https:\/\/hoga.org.vn\/index.php?rest_route=\/wp\/v2\/pages\/499\/revisions"}],"predecessor-version":[{"id":682,"href":"https:\/\/hoga.org.vn\/index.php?rest_route=\/wp\/v2\/pages\/499\/revisions\/682"}],"wp:attachment":[{"href":"https:\/\/hoga.org.vn\/index.php?rest_route=%2Fwp%2Fv2%2Fmedia&parent=499"}],"curies":[{"name":"wp","href":"https:\/\/api.w.org\/{rel}","templated":true}]}}